(r) = r. Let w be t(5). What is the units digit of o(w)?
2
What is the units digit of -22*-2*2/(-32)*-716?
9
Let r = -288 + 660. What is the hundreds digit of r?
3
Suppose 456 = -1564*m + 1568*m. What is the tens digit of m?
1
What is the hundreds digit of 400302/216 - 7/(-4)?
8
Suppose 660 = 5*q - q. Let y = q + -67. Suppose 2*v + 4*z - y = 0, 0*z = -4*v - 3*z + 186. What is the tens digit of v?
4
Suppose -3*m - 18 = 6. Let n = m - -13. What is the units digit of n?
5
What is the tens digit of (10 - -16)/(1*(-4)/(-20))?
3
Let o(x) = x**2 - 5*x. Let g be o(5). Suppose 2*r - 13 = -3*f, 2*f - r + 1 - 5 = g. Suppose 4*w - 8 = f*w. What is the units digit of w?
8
Let b(k) = 22*k + 31. What is the units digit of b(8)?
7
Let z(j) = -2*j**2 + 6*j + 17. Let t be z(7). Let d = -15 - t. What is the tens digit of d?
2
Suppose -6*r - 5*a + 4875 = 0, 3*r = 2*a + 1932 + 492. What is the hundreds digit of r?
8
What is the hundreds digit of (-40)/(-300) - 4/15*-3277?
8
Suppose 5*i - 3*i = -4*l - 4, -4*i - 68 = -4*l. Let p = 23 - i. What is the tens digit of p?
3
Let z = 47 + -44. Suppose -z*t - 333 = -6*t + 3*y, 4*t - 2*y = 448. What is the hundreds digit of t?
1
Let d(t) = -t**2 + t + 16. Let l be ((-6)/4 + 2)*6. Suppose l*n + 0*n = 0. What is the tens digit of d(n)?
1
Let n be 15/(-30) + (-7)/2. What is the tens digit of 170/(6 + n + 0)?
8
What is the units digit of 1/(-11) - (900/44)/(-5)?
4
Suppose -3*g = -5*d + 2*g + 65, 4*d + 5*g - 7 = 0. Suppose u + 8 = -3*r, r - 5*u + 0 - d = 0. What is the tens digit of (r/4)/((-4)/184)?
2
Suppose -322 + 34 = -6*l. Suppose 5*d = 3*g + 146 - l, -3*g + 12 = 0. What is the units digit of d?
2
Suppose -4*g + 348 = -g - 5*j, 0 = 2*g - 3*j - 231. What is the tens digit of g?
1
Let i = -147 - 93. Let c = i + 550. What is the tens digit of c?
1
Suppose -4*u + 0 = -36. What is the hundreds digit of 19778/99 + 2/u?
2
Let t = 3 - 1. Suppose 3*s = t*u - 3*u + 48, 5*s - 84 = -3*u. What is the units digit of (20/6)/(2/s)?
5
Let v = -20 - -25. Suppose 333 = 4*m + v*h, -h - 3 = -0*h. What is the units digit of m?
7
Let q(a) = 7*a**3 - 7*a**2 - 6*a + 23. Let b(z) = -13*z**3 + 13*z**2 + 11*z - 45. Let u(i) = -6*b(i) - 11*q(i). What is the tens digit of u(0)?
1
Let z(n) = -29*n + 4. Let m be z(-2). Let j(k) = 6*k - 10. Let t be j(4). Let a = m - t. What is the units digit of a?
8
What is the tens digit of (-13851)/(-39) + 24/(-156)?
5
Let p = 320 - -1291. What is the hundreds digit of p?
6
Suppose 3*j - 2*j = 0. Suppose j = 5*x - 214 + 44. What is the tens digit of x?
3
Let k(c) = -133*c - 77. What is the units digit of k(-13)?
2
Suppose 6*p + r = p + 4297, -3*r - 3430 = -4*p. What is the tens digit of p?
5
Suppose 19*j - 45675 - 12883 = 0. What is the units digit of j?
2
Let p = 2671 - 1239. What is the hundreds digit of p?
4
Let s = -91 + 113. Let u(f) = -f**2 + 5*f + 4. Let r be u(5). Suppose 6*k - s = r*k. What is the tens digit of k?
1
Suppose -372 = 5*t + 923. Let j = -49 - t. What is the hundreds digit of j?
2
Suppose -17*z - 8 = -19*z, b - 767 = 2*z. What is the units digit of b?
5
Let h = 0 - 146. Let w = -94 - h. What is the tens digit of w?
5
Let p(m) = 4*m**2 + 9*m - 2*m + 6 - 9*m**2 + 3*m**2. Let j be p(5). Let v = j + 36. What is the tens digit of v?
2
Suppose 5*m - 4*r = 4612, 603 = m + 3*r - 327. What is the units digit of m?
4
Let d be (-7)/14*(7 - -1). Let z be -3 + (-3)/(-3)*d. Let g = 15 + z. What is the units digit of g?
8
What is the hundreds digit of 95 - (-8 + 0/1)?
1
Let g be -3 + 102 + -3 - -2. Suppose g = -4*q + 106. What is the units digit of q?
2
Suppose 2*w - 1668 - 6492 = 0. Let j be (-2)/3 - w/36. What is the units digit of 8/6*j/(-4)?
8
Suppose -5*s = -24*s + 4370. What is the hundreds digit of s?
2
Let v(m) = 13 - 9 + 5*m - 4*m. Let x be v(-4). Suppose u = 4*l - 162, 2*l - 5*u = -x*u + 90. What is the tens digit of l?
4
Suppose 4*c + 1000 = 5*p, -3*p - 5*c = -614 + 14. What is the units digit of p?
0
Suppose -241 + 13 = -u + 2*x, 3*x = 3*u - 699. Suppose -4*p + 11*p - u = 0. Suppose 0 = 3*z - 44 - p. What is the tens digit of z?
2
Suppose 0 = -i - 2*v + 518, -5*i - 2*v = -0*v - 2606. What is the units digit of (-4)/26 + i/13 + -2?
8
Let x(f) = 5*f - 23 + 9*f - 5*f + 2*f. What is the units digit of x(7)?
4
Let z(x) = x**2 - 3*x + 4. Let m be (1*-1)/(7/(-56)). Let i = -5 + m. What is the units digit of z(i)?
4
Suppose 3*u + 4*l - 101 = 0, 4*u + 2*l - 13 = 105. Let d be 126/u - (-4)/(-6). Suppose 0 = -3*q - 3*w + 33, 5*q - d*q = -5*w + 11. What is the tens digit of q?
1
Suppose 6*l = -5*b + 11*l + 17925, -b = 5*l - 3609. What is the tens digit of b?
8
Let u = 8 + -3. Suppose -3*x + 8 + 13 = -3*m, x - 23 = u*m. Suppose j = -x*v + 46, -2*j - 2*v - 84 = -4*j. What is the units digit of j?
3
Suppose -4*a = -3*c - 5 + 1, -5*a = -5*c. Let x(h) = 14*h**2 - 11*h + 6. What is the tens digit of x(a)?
8
Suppose 4*q + v = 6*q + 12, -5*q = v + 16. Let p be -1 + (18 - (-2)/(-1)). Let i = p + q. What is the tens digit of i?
1
Let v be 6 - 0 - ((-2)/(-2) - -1). Suppose 5*y - 53 = -h + 94, v*h = -5*y + 558. What is the hundreds digit of h?
1
What is the hundreds digit of 4/14 - (-9 + (-19512)/63)?
3
Let w = 5109 + -3255. What is the tens digit of w?
5
Suppose -3*j + 5 = -2*j. Let c(q) = 6*q**2 - q + 9. What is the tens digit of c(j)?
5
Let h be (-2)/(2 - 7/3). Suppose 2*t - a = 341, 0 = -t + h*a - a + 148. Suppose -4*y + 5*g = -t, -2*g = 8*y - 3*y - 208. What is the units digit of y?
2
Suppose -3*i + 8 = -i. Let g(b) = 5*b**2 - 9*b + 2. Let q(o) = -9*o**2 + 17*o - 3. Let k(n) = i*q(n) + 7*g(n). What is the units digit of k(5)?
2
Let q(g) = 3*g**2 + g + 25. What is the tens digit of q(9)?
7
Suppose 0 = 2*i - 7 - 3. Suppose 3*z + 2*q = 5*q, -z - 4*q = -i. What is the units digit of z?
1
Let s(k) = -2*k**3 - 45*k**2 - 35*k + 44. What is the hundreds digit of s(-23)?
3
Let c = 811 + -477. What is the units digit of c?
4
Let u be (20/6)/((-10)/(-15)). Suppose g = -u*s + 17, 3*g - 25 = s - 6. Let q(t) = 3*t - 5. What is the units digit of q(g)?
6
Let h = 1377 - 55. What is the thousands digit of h?
1
Let l(v) = 32*v - 284. What is the units digit of l(30)?
6
What is the thousands digit of (((-1725)/45)/23)/(1/(-969))?
1
What is the tens digit of 2/((-13)/((-5811)/6))?
4
Let t(z) = z**3 - 8*z**2 - 9*z + 8. Let g be t(9). Let q(w) = 6 + g*w + 2*w - 7*w. What is the units digit of q(3)?
5
Let f(s) = 1137*s**2 - s + 2. What is the tens digit of f(-1)?
4
Let q = 2444 + 2830. What is the units digit of q?
4
Let k = 1123 + 864. What is the units digit of k?
7
What is the tens digit of (-3)/(-12) - (-40292)/112?
6
Let u = 208 + 1130. What is the thousands digit of u?
1
Suppose 0*w + 11 = -4*w - 3*p, -3*w = -2*p - 13. What is the units digit of ((-9)/(2 - -1))/(w/(-24))?
2
Let o = 32 + -9. Suppose -34 = -3*v + o. What is the units digit of v?
9
Let j(f) = 41*f - 455. Let d be j(11). Let m = -62 - -97. Let b = m + d. What is the units digit of b?
1
Suppose -5492 = -3*v + p, -v = -7*p + 2*p - 1840. What is the units digit of v?
0
Let p(m) = m + 20. Let o be p(-15). Suppose -2*s + 7 - o = 0. What is the units digit of s?
1
Suppose -5*q = -2*q - 204. What is the units digit of q - (-7)/(7/4)?
2
Let o(b) = 7*b - 2. Let u = -15 + 18. Suppose -u*n - n = -5*v + 9, -5*v + n = -21. What is the tens digit of o(v)?
3
Let n(d) = d**3 - 11*d**2 + 11*d + 5. Suppose -32 + 7 = -5*t. Suppose -6*p + 4*p - 3*h = -11, -p - 5*h - t = 0. What is the tens digit of n(p)?
1
Let t = -188 + 483. Let w = -161 + t. What is the tens digit of w?
3
Let r(y) = 5*y**3 + 2*y**2 - 1. Let x be r(1). Suppose -x*k = -4*k - 12. Let q(g) = 4*g + 3. What is the units digit of q(k)?
7
Suppose -9*d + 1466 = -1594. What is the units digit of (4/5)/(4/d)?
8
Let b(i) = -4*i + 45. Suppose 9*z - 28 = -154. What is the units digit of b(z)?
1
Let q = -19 + 13. Let l(p) = p - 6 - 2*p + 159*p**3 - 158*p**3 + 7*p**2 + 2*p. What is the units digit of l(q)?
4
Suppose -11*y + 6*y + 3233 = -2*w, -4*y = -w - 2584. What is the hundreds digit of y?
6
Suppose 4*l - 23 = 29. Suppose -l*n = -14*n + 254. What is the units digit of n?
4
Let s be 532/8 - ((-14)/4 - -2). Suppose a = 0, f - 2*a - 62 = s. What is the tens digit of f?
3
Let l = -34 - -104. Suppose -l = -5*c + 130. What is the units dig